{"id":173,"date":"2015-09-15T09:39:53","date_gmt":"2015-09-15T09:39:53","guid":{"rendered":"http:\/\/saraswatiyoga.es\/?page_id=173"},"modified":"2023-03-24T03:44:29","modified_gmt":"2023-03-24T03:44:29","slug":"profesora","status":"publish","type":"page","link":"https:\/\/saraswatiyoga.es\/?page_id=173","title":{"rendered":"Carmen R. Rey"},"content":{"rendered":"<div id=\"pl-173\"><div class=\"panel-grid\" id=\"pg-173-0\" ><div class=\"panel-grid-cell\" id=\"pgc-173-0-0\" ><div class=\"so-panel widget widget_text widget_text panel-first-child panel-last-child\" id=\"panel-173-0-0-0\">\t\t\t<div class=\"textwidget\"><p>Es  profesora de Yoga en  La Coru\u00f1a  donde dirige  su propia escuela  de Yoga, impartiendo las clases de Yoga y Pilates. <\/p>\n<p>Licenciada en Ciencias del Mar por la Universidad de Vigo, entr\u00f3 en contacto con el Yoga en el a\u00f1o  1994 y desde entonces su formaci\u00f3n es continuada en distintas escuelas y m\u00e9todos:<\/p>\n<ul>\n<li>Titulada como Profesora de Yoga en  la escuela  CEYSI en Vigo, de Octubre a Junio del 2004.<\/li>\n<li>Titulada como Instructora de Yoga y Salud Integral, en el centro ASANGA de Yogaterapia en Madrid con el Dr. Miguel Fraile, de Noviembre a Junio del 2006.<\/li>\n<li>Titulada como Profesora de Yoga y salud integral, en el centro ASANGA de Yogaterapia en Madrid con el Dr. Miguel Fraile, Noviembre a Junio del 2007.<\/li>\n<li>Metod\u00f3loga en t\u00e9cnicas corporales, programa Pilates suelo (titulada por el Instituto  Superior de danza Alicia Alonso y la Universidad Rey Juan Carlos) <\/li>\n<li>Titulada como Profesora de Hatha  Yoga titulada en  AIPYS (Asociaci\u00f3n Internacional de profesores de yoga Sananda), de Octubre a Junio del 2008. <\/li>\n<li>Titulada como Instructora de Ashtanga Vinyasa Yoga en AIPYS (asociaci\u00f3n Internacional de profesores de yoga Sananda) de Octubre a Junio del 2017.<\/li>\n<li>Instructora de Aeroyoga (por Escuela de Yoga Caledonia, Vigo), en junio del 2018.<\/li>\n<li>Seminario en \"El arte de crear secuencias with Esmeralda L\u00f3pez\" (acreditada por Yoga Alliance UK), en marzo del 2023.<\/li>\n<\/ul>\n<p>Adem\u00e1s  de  otros cursos intensivos de perfeccionamiento profesional, ampliando as\u00ed sus estudios en el campo del Yoga y su filosof\u00eda.<\/p>\n<p>En el a\u00f1o 2003 comenz\u00f3 a impartir clases de yoga en la Asociaci\u00f3n coru\u00f1esa de esclerosis m\u00faltiple y parquinson, en el  Metop\u00f3litan-Solana y en su propia escuela de Yoga Saraswati en la Coru\u00f1a, la cual sigue dirigiendo actualmente.<\/p>\n<\/div>\n\t\t<\/div><\/div><div class=\"panel-grid-cell\" id=\"pgc-173-0-1\" >&nbsp;<\/div><div class=\"panel-grid-cell\" id=\"pgc-173-0-2\" ><div class=\"so-panel widget widget_sow-image widget_sow-image panel-first-child panel-last-child\" id=\"panel-173-0-2-0\"><div\n\t\t\t\n\t\t\tclass=\"so-widget-sow-image so-widget-sow-image-default-8b5b6f678277-173\"\n\t\t\t\n\t\t>\n\n<div class=\"sow-image-container\">\n\t\t<img src=\"https:\/\/saraswatiyoga.es\/wp-content\/uploads\/2015\/09\/carmenrrey.jpg\" width=\"350\" height=\"666\" srcset=\"https:\/\/saraswatiyoga.es\/wp-content\/uploads\/2015\/09\/carmenrrey.jpg 350w, https:\/\/saraswatiyoga.es\/wp-content\/uploads\/2015\/09\/carmenrrey-158x300.jpg 158w\" sizes=\"(max-width: 350px) 100vw, 350px\" alt=\"\" loading=\"lazy\" \t\tclass=\"so-widget-image\"\/>\n\t<\/div>\n\n<\/div><\/div><\/div><\/div><div class=\"panel-grid\" id=\"pg-173-1\" ><div class=\"panel-grid-cell\" id=\"pgc-173-1-0\" ><div class=\"so-panel widget widget_text widget_text panel-first-child panel-last-child\" id=\"panel-173-1-0-0\"><h3 class=\"widget-title\">Profesoras Colaboradoras<\/h3>\t\t\t<div class=\"textwidget\"><h4><strong>Carmen \u00c1lvarez<\/strong><\/h4>\n<h4><strong>Eva Abu\u00edn<\/strong><\/h4><\/div>\n\t\t<\/div><\/div><\/div><\/div>","protected":false},"excerpt":{"rendered":"<p>Es profesora de Yoga en La Coru\u00f1a donde dirige su propia escuela de Yoga, impartiendo las clases de Yoga y Pilates. Licenciada en Ciencias del Mar por la Universidad de Vigo, entr\u00f3 en contacto con el Yoga en el a\u00f1o 1994 y desde entonces su formaci\u00f3n es continuada en distintas escuelas y m\u00e9todos: Titulada como [&hellip;]<\/p>\n","protected":false},"author":1,"featured_media":0,"parent":0,"menu_order":0,"comment_status":"closed","ping_status":"closed","template":"","meta":[],"_links":{"self":[{"href":"https:\/\/saraswatiyoga.es\/index.php?rest_route=\/wp\/v2\/pages\/173"}],"collection":[{"href":"https:\/\/saraswatiyoga.es\/index.php?rest_route=\/wp\/v2\/pages"}],"about":[{"href":"https:\/\/saraswatiyoga.es\/index.php?rest_route=\/wp\/v2\/types\/page"}],"author":[{"embeddable":true,"href":"https:\/\/saraswatiyoga.es\/index.php?rest_route=\/wp\/v2\/users\/1"}],"replies":[{"embeddable":true,"href":"https:\/\/saraswatiyoga.es\/index.php?rest_route=%2Fwp%2Fv2%2Fcomments&post=173"}],"version-history":[{"count":13,"href":"https:\/\/saraswatiyoga.es\/index.php?rest_route=\/wp\/v2\/pages\/173\/revisions"}],"predecessor-version":[{"id":515,"href":"https:\/\/saraswatiyoga.es\/index.php?rest_route=\/wp\/v2\/pages\/173\/revisions\/515"}],"wp:attachment":[{"href":"https:\/\/saraswatiyoga.es\/index.php?rest_route=%2Fwp%2Fv2%2Fmedia&parent=173"}],"curies":[{"name":"wp","href":"https:\/\/api.w.org\/{rel}","templated":true}]}}